{"id":1533,"date":"2018-05-17T13:25:10","date_gmt":"2018-05-17T18:25:10","guid":{"rendered":"https:\/\/fic.unsa.edu.pe\/ingcivil\/?page_id=1533"},"modified":"2018-05-22T10:58:17","modified_gmt":"2018-05-22T15:58:17","slug":"resultados-estudiantes","status":"publish","type":"page","link":"https:\/\/fic.unsa.edu.pe\/ingcivil\/resultados-estudiantes\/","title":{"rendered":"Resultados del Estudiante"},"content":{"rendered":"<ol type=\"a\">\n<li><strong>Conocimientos en Ingenier\u00eda.<\/strong>\n<ul>\n<li style=\"font-weight: 400;\">Aplica conocimientos y habilidades de matem\u00e1ticas, f\u00edsica e ingenier\u00eda, para la soluci\u00f3n de problemas relacionados a la Ingenier\u00eda Civil.<\/li>\n<\/ul>\n<\/li>\n<li><strong>Experimentaci\u00f3n<\/strong>\n<ul>\n<li style=\"font-weight: 400;\">Dirige y dise\u00f1a experimentos, as\u00ed como analiza e interpreta resultados.<\/li>\n<\/ul>\n<\/li>\n<li><strong>Dise\u00f1o y Desarrollo de Soluciones<\/strong>\n<ul>\n<li style=\"font-weight: 400;\">Dise\u00f1a sistemas, procesos o componentes para satisfacer necesidades, considerando limitaciones, econ\u00f3micas,\u00a0\u00a0sociales, medioambientales, de sostenibilidad,\u00a0\u00a0pol\u00edticas, \u00e9ticas, de salud y seguridad.<\/li>\n<\/ul>\n<\/li>\n<li style=\"font-weight: 400;\"><strong>Trabajo Individual y en Equipo<\/strong>\n<ul>\n<li style=\"font-weight: 400;\">Se desempe\u00f1a como individuo, miembro o l\u00edder en equipos multidisciplinarios y en diferentes entornos<\/li>\n<\/ul>\n<\/li>\n<li><strong>An\u00e1lisis de Problemas<\/strong>\n<ul>\n<li style=\"font-weight: 400;\">Identifica y resuelve problemas de ingenier\u00eda, usando adecuadamente los m\u00e9todos, t\u00e9cnicas y herramientas de la ingenier\u00eda civil y ciencias.<\/li>\n<\/ul>\n<\/li>\n<li style=\"font-weight: 400;\"><strong>\u00c9tica<\/strong>\n<ul>\n<li style=\"font-weight: 400;\">Ejerce la profesi\u00f3n con responsabilidad y principios \u00e9ticos<\/li>\n<\/ul>\n<\/li>\n<li><strong>Comunicaci\u00f3n<\/strong>\n<ul>\n<li style=\"font-weight: 400;\">Se comunica de forma efectiva en sus diferentes formas, verbal,\u00a0\u00a0no verbal y escrita, siendo capaz de interrelacionar con p\u00fablicos diversos.<\/li>\n<\/ul>\n<\/li>\n<li><strong>Medio Ambiente y Sostenibilidad<\/strong>\n<ul>\n<li style=\"font-weight: 400;\">Reconoce\u00a0\u00a0\u00a0la importancia de preservar y mejorar el medio ambiente en el desarrollo de sus actividades personales y profesionales.<\/li>\n<\/ul>\n<\/li>\n<li><strong>Aprendizaje Permanente<\/strong>\n<ul>\n<li style=\"font-weight: 400;\">Disposici\u00f3n al aprendizaje permanente y capacidad para adaptarse al cambio.<\/li>\n<\/ul>\n<\/li>\n<li><strong>El Ingeniero y la Sociedad<\/strong>\n<ul>\n<li style=\"font-weight: 400;\">Identifica\u00a0\u00a0la problem\u00e1tica de su entorno y propone soluciones contextualizadas en los \u00e1mbitos sociales, legales, culturales, econ\u00f3micos y medioambientales.<\/li>\n<\/ul>\n<\/li>\n<li><strong>Uso de Herramientas Modernas<\/strong>\n<ul>\n<li style=\"font-weight: 400;\">Demuestra capacidad en el uso y selecci\u00f3n de las herramientas que presenta la Ingenier\u00eda moderna y las Tecnolog\u00edas de la Informaci\u00f3n.<\/li>\n<\/ul>\n<\/li>\n<li><strong>Gesti\u00f3n de Proyectos<\/strong>\n<ul>\n<li style=\"font-weight: 400;\">Gestiona\u00a0\u00a0proyectos de Ingenier\u00eda Civil, con criterios de productividad, eficiencia y en entornos multidisciplinarios.<\/li>\n<\/ul>\n<\/li>\n<\/ol>\n","protected":false},"excerpt":{"rendered":"<p>Conocimientos en Ingenier\u00eda. Aplica conocimientos y habilidades de matem\u00e1ticas, f\u00edsica e ingenier\u00eda, para la soluci\u00f3n de problemas relacionados a la Ingenier\u00eda Civil. Experimentaci\u00f3n Dirige y dise\u00f1a experimentos, as\u00ed como analiza e interpreta resultados. Dise\u00f1o y Desarrollo de Soluciones Dise\u00f1a sistemas, procesos o componentes para satisfacer necesidades, considerando limitaciones, econ\u00f3micas,\u00a0\u00a0sociales, medioambientales, de sostenibilidad,\u00a0\u00a0pol\u00edticas, \u00e9ticas, de salud [&hellip;]<\/p>\n","protected":false},"author":2,"featured_media":0,"parent":0,"menu_order":0,"comment_status":"closed","ping_status":"closed","template":"","meta":{"_acf_changed":false,"footnotes":""},"class_list":["post-1533","page","type-page","status-publish","hentry"],"acf":[],"_links":{"self":[{"href":"https:\/\/fic.unsa.edu.pe\/ingcivil\/wp-json\/wp\/v2\/pages\/1533","targetHints":{"allow":["GET"]}}],"collection":[{"href":"https:\/\/fic.unsa.edu.pe\/ingcivil\/wp-json\/wp\/v2\/pages"}],"about":[{"href":"https:\/\/fic.unsa.edu.pe\/ingcivil\/wp-json\/wp\/v2\/types\/page"}],"author":[{"embeddable":true,"href":"https:\/\/fic.unsa.edu.pe\/ingcivil\/wp-json\/wp\/v2\/users\/2"}],"replies":[{"embeddable":true,"href":"https:\/\/fic.unsa.edu.pe\/ingcivil\/wp-json\/wp\/v2\/comments?post=1533"}],"version-history":[{"count":8,"href":"https:\/\/fic.unsa.edu.pe\/ingcivil\/wp-json\/wp\/v2\/pages\/1533\/revisions"}],"predecessor-version":[{"id":1544,"href":"https:\/\/fic.unsa.edu.pe\/ingcivil\/wp-json\/wp\/v2\/pages\/1533\/revisions\/1544"}],"wp:attachment":[{"href":"https:\/\/fic.unsa.edu.pe\/ingcivil\/wp-json\/wp\/v2\/media?parent=1533"}],"curies":[{"name":"wp","href":"https:\/\/api.w.org\/{rel}","templated":true}]}}