{"id":1073,"date":"2017-07-05T15:45:33","date_gmt":"2017-07-05T15:45:33","guid":{"rendered":"http:\/\/www2.unsa.edu.pe\/escuelas\/ingcivil\/?page_id=1073"},"modified":"2018-04-06T14:48:39","modified_gmt":"2018-04-06T19:48:39","slug":"campo-ocupacional","status":"publish","type":"page","link":"https:\/\/fic.unsa.edu.pe\/ingcivil\/campo-ocupacional\/","title":{"rendered":"Campo Ocupacional"},"content":{"rendered":"<h4>Sector Privado<\/h4>\n<ul>\n<li>Empresas constructoras, empresa propia, compa\u00f1\u00edas consultoras en dise\u00f1o estructural, hidr\u00e1ulico o vial, empresas supervisoras de obras civiles.<\/li>\n<\/ul>\n<h4>Sector P\u00fablico<\/h4>\n<ul>\n<li>Ministerio de Transportes y comunicaciones, viviendas y construcci\u00f3n, Ministerio de la Presidencia, FONAVI, departamento de obras de los diferentes ministerios, gobiernos regionales, organismos de desarrollo regional y municipalidades.<\/li>\n<li>Ejecuci\u00f3n liberal de la profesi\u00f3n como constructor, contratista, proyectista, consultor, etc.<\/li>\n<li>Investigaci\u00f3n aplicada, docencia de Universidades e Institutos superiores.<\/li>\n<\/ul>\n","protected":false},"excerpt":{"rendered":"<p>Sector Privado Empresas constructoras, empresa propia, compa\u00f1\u00edas consultoras en dise\u00f1o estructural, hidr\u00e1ulico o vial, empresas supervisoras de obras civiles. Sector P\u00fablico Ministerio de Transportes y comunicaciones, viviendas y construcci\u00f3n, Ministerio de la Presidencia, FONAVI, departamento de obras de los diferentes ministerios, gobiernos regionales, organismos de desarrollo regional y municipalidades. Ejecuci\u00f3n liberal de la profesi\u00f3n como [&hellip;]<\/p>\n","protected":false},"author":1,"featured_media":1263,"parent":0,"menu_order":0,"comment_status":"closed","ping_status":"closed","template":"","meta":{"_acf_changed":false,"footnotes":""},"class_list":["post-1073","page","type-page","status-publish","has-post-thumbnail","hentry"],"acf":[],"_links":{"self":[{"href":"https:\/\/fic.unsa.edu.pe\/ingcivil\/wp-json\/wp\/v2\/pages\/1073","targetHints":{"allow":["GET"]}}],"collection":[{"href":"https:\/\/fic.unsa.edu.pe\/ingcivil\/wp-json\/wp\/v2\/pages"}],"about":[{"href":"https:\/\/fic.unsa.edu.pe\/ingcivil\/wp-json\/wp\/v2\/types\/page"}],"author":[{"embeddable":true,"href":"https:\/\/fic.unsa.edu.pe\/ingcivil\/wp-json\/wp\/v2\/users\/1"}],"replies":[{"embeddable":true,"href":"https:\/\/fic.unsa.edu.pe\/ingcivil\/wp-json\/wp\/v2\/comments?post=1073"}],"version-history":[{"count":1,"href":"https:\/\/fic.unsa.edu.pe\/ingcivil\/wp-json\/wp\/v2\/pages\/1073\/revisions"}],"predecessor-version":[{"id":1391,"href":"https:\/\/fic.unsa.edu.pe\/ingcivil\/wp-json\/wp\/v2\/pages\/1073\/revisions\/1391"}],"wp:featuredmedia":[{"embeddable":true,"href":"https:\/\/fic.unsa.edu.pe\/ingcivil\/wp-json\/wp\/v2\/media\/1263"}],"wp:attachment":[{"href":"https:\/\/fic.unsa.edu.pe\/ingcivil\/wp-json\/wp\/v2\/media?parent=1073"}],"curies":[{"name":"wp","href":"https:\/\/api.w.org\/{rel}","templated":true}]}}