{"id":1067,"date":"2017-07-05T15:42:50","date_gmt":"2017-07-05T15:42:50","guid":{"rendered":"http:\/\/www2.unsa.edu.pe\/escuelas\/ingcivil\/?page_id=1067"},"modified":"2017-07-05T15:42:50","modified_gmt":"2017-07-05T15:42:50","slug":"modelo-de-la-carrera","status":"publish","type":"page","link":"https:\/\/fic.unsa.edu.pe\/ingcivil\/modelo-de-la-carrera\/","title":{"rendered":"Modelo de la Carrera"},"content":{"rendered":"<p>La Escuela Profesional de Ingenier\u00eda Geof\u00edsica, est\u00e1 inmerso en el Modelo Educativo establecido por la Universidad Nacional de San Agust\u00edn de Arequipa.<\/p>\n<p>Este \u00a8Modelo plantea, en primer lugar, un conjunto de proposiciones axiol\u00f3gicas que constituyen las orientaciones de sentido m\u00e1s generales, as\u00ed como los par\u00e1metros de las pr\u00e1cticas dentro de la UNSA, en segundo lugar se presenta los grandes retos de la actualidad, que la comunidad universitaria ha identificado como los de mayor relevancia para la acci\u00f3n universitaria. El tercer elemento refiere las responsabilidades que, como instituci\u00f3n, debemos asumir frente a nuestros estudiantes. El cuarto y quinto ac\u00e1pite refieren, respectivamente, al perfil del estudiante y al docente Agustino. Finalmente, se presentan las principales caracter\u00edsticas de los curr\u00edculos en las carreras profesionales de la UNSA.\u00a8<\/p>\n","protected":false},"excerpt":{"rendered":"<p>La Escuela Profesional de Ingenier\u00eda Geof\u00edsica, est\u00e1 inmerso en el Modelo Educativo establecido por la Universidad Nacional de San Agust\u00edn de Arequipa. Este \u00a8Modelo plantea, en primer lugar, un conjunto de proposiciones axiol\u00f3gicas que constituyen las orientaciones de sentido m\u00e1s generales, as\u00ed como los par\u00e1metros de las pr\u00e1cticas dentro de la UNSA, en segundo lugar [&hellip;]<\/p>\n","protected":false},"author":1,"featured_media":1261,"parent":0,"menu_order":0,"comment_status":"closed","ping_status":"closed","template":"","meta":{"_acf_changed":false,"footnotes":""},"class_list":["post-1067","page","type-page","status-publish","has-post-thumbnail","hentry"],"acf":[],"_links":{"self":[{"href":"https:\/\/fic.unsa.edu.pe\/ingcivil\/wp-json\/wp\/v2\/pages\/1067","targetHints":{"allow":["GET"]}}],"collection":[{"href":"https:\/\/fic.unsa.edu.pe\/ingcivil\/wp-json\/wp\/v2\/pages"}],"about":[{"href":"https:\/\/fic.unsa.edu.pe\/ingcivil\/wp-json\/wp\/v2\/types\/page"}],"author":[{"embeddable":true,"href":"https:\/\/fic.unsa.edu.pe\/ingcivil\/wp-json\/wp\/v2\/users\/1"}],"replies":[{"embeddable":true,"href":"https:\/\/fic.unsa.edu.pe\/ingcivil\/wp-json\/wp\/v2\/comments?post=1067"}],"version-history":[{"count":0,"href":"https:\/\/fic.unsa.edu.pe\/ingcivil\/wp-json\/wp\/v2\/pages\/1067\/revisions"}],"wp:featuredmedia":[{"embeddable":true,"href":"https:\/\/fic.unsa.edu.pe\/ingcivil\/wp-json\/wp\/v2\/media\/1261"}],"wp:attachment":[{"href":"https:\/\/fic.unsa.edu.pe\/ingcivil\/wp-json\/wp\/v2\/media?parent=1067"}],"curies":[{"name":"wp","href":"https:\/\/api.w.org\/{rel}","templated":true}]}}