{"id":1065,"date":"2017-07-05T15:40:14","date_gmt":"2017-07-05T15:40:14","guid":{"rendered":"http:\/\/www2.unsa.edu.pe\/escuelas\/ingcivil\/?page_id=1065"},"modified":"2018-07-09T15:08:12","modified_gmt":"2018-07-09T20:08:12","slug":"perfil-del-egresado","status":"publish","type":"page","link":"https:\/\/fic.unsa.edu.pe\/ingcivil\/perfil-del-egresado\/","title":{"rendered":"Perfil del Egresado"},"content":{"rendered":"<p>El perfil del egresado de ingenier\u00eda civil de la UNSA es importante para fijar lo requerido en la carrera y poder actualizar continuamente de acuerdo a la ley el curr\u00edculo del programa de Ingenier\u00eda Civil.<\/p>\n<p>El egresado tiene una s\u00f3lida formaci\u00f3n human\u00edstica, cient\u00edfica y tecnol\u00f3gica, con gran capacidad creativa para la formulaci\u00f3n, ejecuci\u00f3n, investigaci\u00f3n y gesti\u00f3n de proyectos de desarrollo dentro del campo de la ingenier\u00eda civil; elabora y construye proyectos t\u00e9cnica, econ\u00f3mica y ambientalmente viables en cada una de sus \u00e1reas de especialidad, tales como la geotecnia, estructuras, hidr\u00e1ulica y transportes, aplicando t\u00e9cnicas y herramientas computacionales modernas, en el \u00e1mbito local, regional y nacional.<\/p>\n","protected":false},"excerpt":{"rendered":"<p>El perfil del egresado de ingenier\u00eda civil de la UNSA es importante para fijar lo requerido en la carrera y poder actualizar continuamente de acuerdo a la ley el curr\u00edculo del programa de Ingenier\u00eda Civil. El egresado tiene una s\u00f3lida formaci\u00f3n human\u00edstica, cient\u00edfica y tecnol\u00f3gica, con gran capacidad creativa para la formulaci\u00f3n, ejecuci\u00f3n, investigaci\u00f3n y [&hellip;]<\/p>\n","protected":false},"author":1,"featured_media":1258,"parent":0,"menu_order":0,"comment_status":"closed","ping_status":"closed","template":"","meta":{"_acf_changed":false,"footnotes":""},"class_list":["post-1065","page","type-page","status-publish","has-post-thumbnail","hentry"],"acf":[],"_links":{"self":[{"href":"https:\/\/fic.unsa.edu.pe\/ingcivil\/wp-json\/wp\/v2\/pages\/1065","targetHints":{"allow":["GET"]}}],"collection":[{"href":"https:\/\/fic.unsa.edu.pe\/ingcivil\/wp-json\/wp\/v2\/pages"}],"about":[{"href":"https:\/\/fic.unsa.edu.pe\/ingcivil\/wp-json\/wp\/v2\/types\/page"}],"author":[{"embeddable":true,"href":"https:\/\/fic.unsa.edu.pe\/ingcivil\/wp-json\/wp\/v2\/users\/1"}],"replies":[{"embeddable":true,"href":"https:\/\/fic.unsa.edu.pe\/ingcivil\/wp-json\/wp\/v2\/comments?post=1065"}],"version-history":[{"count":2,"href":"https:\/\/fic.unsa.edu.pe\/ingcivil\/wp-json\/wp\/v2\/pages\/1065\/revisions"}],"predecessor-version":[{"id":1549,"href":"https:\/\/fic.unsa.edu.pe\/ingcivil\/wp-json\/wp\/v2\/pages\/1065\/revisions\/1549"}],"wp:featuredmedia":[{"embeddable":true,"href":"https:\/\/fic.unsa.edu.pe\/ingcivil\/wp-json\/wp\/v2\/media\/1258"}],"wp:attachment":[{"href":"https:\/\/fic.unsa.edu.pe\/ingcivil\/wp-json\/wp\/v2\/media?parent=1065"}],"curies":[{"name":"wp","href":"https:\/\/api.w.org\/{rel}","templated":true}]}}