{"id":1056,"date":"2017-07-05T15:33:30","date_gmt":"2017-07-05T15:33:30","guid":{"rendered":"http:\/\/www2.unsa.edu.pe\/escuelas\/ingcivil\/?page_id=1056"},"modified":"2020-07-27T11:33:35","modified_gmt":"2020-07-27T16:33:35","slug":"objetivos-educacionales","status":"publish","type":"page","link":"https:\/\/fic.unsa.edu.pe\/ingcivil\/objetivos-educacionales\/","title":{"rendered":"Objetivos Educacionales"},"content":{"rendered":"<ol>\n<li><strong>Competencia profesional<\/strong><br \/>\nFormular, dise\u00f1ar y ejecutar proyectos de Ingenier\u00eda Civil eficientes y sostenibles, mitigando riesgos y adapt\u00e1ndose a los cambios.<\/li>\n<li><strong>Liderazgo<\/strong><br \/>\nDemostrar liderazgo en la conducci\u00f3n de equipos multidisciplinarios aportando de manera efectiva al logro de metas y resultados.<\/li>\n<li><strong>Aprendizaje Permanente<\/strong><br \/>\nDesarrollar un aprendizaje permanente para mantenerse competitivo en el \u00e1mbito laboral y especializarse de manera continua.<\/li>\n<li><strong>\u00c9tica y Profesionalismo<\/strong><br \/>\nActuar con responsabilidad y \u00e9tica en el ejercicio de su profesi\u00f3n respetando las normas vigentes, con responsabilidad social.<\/li>\n<\/ol>\n","protected":false},"excerpt":{"rendered":"<p>Competencia profesional Formular, dise\u00f1ar y ejecutar proyectos de Ingenier\u00eda Civil eficientes y sostenibles, mitigando riesgos y adapt\u00e1ndose a los cambios. Liderazgo Demostrar liderazgo en la conducci\u00f3n de equipos multidisciplinarios aportando de manera efectiva al logro de metas y resultados. Aprendizaje Permanente Desarrollar un aprendizaje permanente para mantenerse competitivo en el \u00e1mbito laboral y especializarse de [&hellip;]<\/p>\n","protected":false},"author":1,"featured_media":0,"parent":0,"menu_order":0,"comment_status":"closed","ping_status":"closed","template":"page-blanco.php","meta":{"_acf_changed":false,"footnotes":""},"class_list":["post-1056","page","type-page","status-publish","hentry"],"acf":[],"_links":{"self":[{"href":"https:\/\/fic.unsa.edu.pe\/ingcivil\/wp-json\/wp\/v2\/pages\/1056","targetHints":{"allow":["GET"]}}],"collection":[{"href":"https:\/\/fic.unsa.edu.pe\/ingcivil\/wp-json\/wp\/v2\/pages"}],"about":[{"href":"https:\/\/fic.unsa.edu.pe\/ingcivil\/wp-json\/wp\/v2\/types\/page"}],"author":[{"embeddable":true,"href":"https:\/\/fic.unsa.edu.pe\/ingcivil\/wp-json\/wp\/v2\/users\/1"}],"replies":[{"embeddable":true,"href":"https:\/\/fic.unsa.edu.pe\/ingcivil\/wp-json\/wp\/v2\/comments?post=1056"}],"version-history":[{"count":8,"href":"https:\/\/fic.unsa.edu.pe\/ingcivil\/wp-json\/wp\/v2\/pages\/1056\/revisions"}],"predecessor-version":[{"id":1583,"href":"https:\/\/fic.unsa.edu.pe\/ingcivil\/wp-json\/wp\/v2\/pages\/1056\/revisions\/1583"}],"wp:attachment":[{"href":"https:\/\/fic.unsa.edu.pe\/ingcivil\/wp-json\/wp\/v2\/media?parent=1056"}],"curies":[{"name":"wp","href":"https:\/\/api.w.org\/{rel}","templated":true}]}}